highest common factor of p and g.
4
Let m be ((-36)/30)/(-6*3/780). Calculate the highest common divisor of 442 and m.
26
Suppose 28*j - 8*j = 480. Suppose -64 = -2*i - 4*l, 3*i - 2*i + 4*l - 24 = 0. What is the highest common divisor of j and i?
8
Let k = -13 + 19. Let w(o) = 2*o**2 + 9*o - 5. Let g be w(k). Suppose 3*y = -v + 26, 33 + 36 = 5*y - 2*v. Calculate the highest common divisor of g and y.
11
Let v be (-75)/(-12) - (-1 - 15/(-12)). Suppose -v*p + 27 + 57 = 0. Calculate the greatest common divisor of p and 63.
7
Suppose 868 = 9*j - 455. Let y = j - 27. Calculate the greatest common divisor of 180 and y.
60
Let x = -32 + 58. Let f be x/5 - 1/5. What is the greatest common factor of f and 45?
5
Let s(a) = 292*a + 64. Let r be s(8). Suppose -12*y - r = -22*y. What is the greatest common divisor of 20 and y?
20
Let j be (-24)/(9/(-12)*2). Suppose 12*p - 15*p = -240. What is the greatest common divisor of p and j?
16
Suppose 5*a + 70 = g + 15, -4*a + 4 = 0. Let h = 6 - 6. Suppose h = d - 23 - 17. What is the greatest common factor of d and g?
20
Suppose 0 = -12*s + 5*s + 756. What is the highest common factor of s and 96?
12
Let l(p) = -1. Let g(t) = -6*t + 22. Let z(d) = -g(d) + 5*l(d). Let o be z(6). What is the greatest common divisor of o and 72?
9
Suppose 3*k + 4*a - 27 = 0, 8*k + 4*a - 9 = 7*k. Calculate the greatest common divisor of 9 and k.
9
Suppose 8*t - 13*t = -480. What is the highest common factor of 432 and t?
48
Suppose t + 4*t - 5 = 0. Let i be t/((-8)/10)*-8. Suppose -6*u = -u - 250. Calculate the highest common factor of u and i.
10
Let n be 3 + (3 - 7) + 7. What is the highest common factor of n and 7?
1
Let r = 192 - 118. Let u = 0 + r. Suppose q + 4*k - u = 0, -5*q - 2*k + 5 = -347. Calculate the greatest common divisor of 10 and q.
10
Suppose -370 = -2*m + 150. What is the highest common factor of 20 and m?
20
Let z = -42 + 46. Suppose 0*v = 3*v - 18. Suppose 4*t - 396 = -4*s, z*s - 372 = -2*t + v*t. Calculate the highest common divisor of 24 and s.
24
Let a = 28 - -4. Let y be (144/(-15))/(3/(-50)). What is the highest common factor of a and y?
32
Suppose 2 - 10 = -2*c. Suppose -17*y + 2 = -15. Calculate the greatest common divisor of y and c.
1
Suppose -11*g + 1521 + 789 = 0. Calculate the highest common divisor of 63 and g.
21
Let z = -26 + 37. Suppose 0 = z*i - 7*i - 44. Suppose -i*l + 13*l - 88 = 0. What is the greatest common factor of 4 and l?
4
Let k be 194/6 - (2 - 16/6). Calculate the highest common factor of k and 33.
33
Suppose -2*b = -26*b + 26136. Calculate the greatest common factor of b and 242.
121
Suppose 1 = -2*k + 7*a - 4*a, 2 = 2*k - 2*a. Suppose m - 3 = f + 4, -20 = -k*f. Suppose -229 + 61 = -14*s. Calculate the greatest common divisor of s and m.
12
Let m be ((-93)/186)/((-138)/(-140) - 1). What is the greatest common divisor of m and 10?
5
Suppose 4*u - 60 = -2*d + 4, 2*u = 4*d + 42. Let q(j) = 10*j + 0*j**2 + u - j**2 - 9*j. Let z be q(0). Calculate the highest common factor of 187 and z.
17
Suppose -3*k = 2*k - 180. Calculate the greatest common factor of k and 14.
2
Let u = -27 - -32. Suppose -2*m - 120 = -u*p, 0*p + 5*m = 3*p - 72. What is the highest common factor of p and 216?
24
Let s(x) = -2*x - 12. Let h be s(-8). Suppose 0 - 2 = j, -p - 2 = h*j. Suppose 0 = p*o - o - 320. What is the highest common factor of 16 and o?
16
Let k be 49/5 - (-4)/20. Let x = k + -2. What is the highest common factor of 16 and x?
8
Let b = -667 - -1940. Calculate the greatest common divisor of b and 67.
67
Suppose -4*x - i + 15 = 0, 5*x - 4*i - 25 = 4*x. Suppose -x*t - f - f + 36 = 0, -t + 2*f + 12 = 0. What is the greatest common divisor of t and 56?
8
Let u be 11 - (-12)/(-20)*5. What is the highest common factor of 248 and u?
8
Let k(q) = -8*q. Let s be k(1). Let p(j) = j**2 + 7*j - 2. Let c be p(s). Let d = 14 - c. What is the highest common divisor of d and 16?
8
Let j be (-2)/(-11) - (-456)/33. Let o(x) = x**3 - 5*x**2 + 5*x - 2. Let u = -4 - -8. Let g be o(u). What is the greatest common divisor of g and j?
2
Let a be ((-10)/(-6) + -1)*15. Suppose 7*q = 12*q - 65. Let d be 14 - q - (-30 + 1). What is the greatest common factor of a and d?
10
Let c = 16 - -8. Suppose 0 = 4*j - 3*p - 141, c = j - 2*p + 5*p. What is the highest common divisor of j and 165?
33
Suppose -5*b + 26 - 1 = 0. Let f = -3 + b. Suppose 0 = f*o + 3*o - 95. Calculate the highest common factor of o and 95.
19
Let x be 515284/1540 + (-2)/(-5) + 0. Calculate the highest common divisor of 10 and x.
5
Let o(h) = -2*h - 5. Let f be ((-41)/7 - 3) + (-1)/7. Let j be o(f). Calculate the highest common divisor of j and 52.
13
Let p = 164 - 140. Let d be (-15)/25 - (-283)/5. What is the greatest common divisor of d and p?
8
Let b = -33 + 76. What is the highest common divisor of 387 and b?
43
Let h be 0 + 384/10 + (-138)/345. Calculate the greatest common divisor of 133 and h.
19
Suppose -2*l + 29 = 5*r + l, -24 = -3*r - 4*l. Suppose 90 = g + r*g. Suppose 8*m = 408 - 48. Calculate the highest common factor of g and m.
9
Let m(w) = -9*w**2 - 2*w - 1. Let a be m(-1). Suppose 5*g - s - 84 = -2*s, 0 = -4*g + 2*s + 70. Let v = g + a. Calculate the highest common factor of v and 1.
1
Suppose -y = a - 7, -46*y + 51*y + 5 = -a. What is the highest common divisor of 2980 and a?
10
Let a = 610 - -62. Calculate the greatest common factor of 28 and a.
28
Suppose 15 = 3*g, 7 = -k - 3*g - 11. Let y be k/(-4) + 9/12. Let h(s) = 4*s**2 - 9*s - 34. Let p be h(7). What is the greatest common factor of p and y?
9
Let t = -22 + 25. Suppose 292 = t*n - 323. What is the highest common divisor of 82 and n?
41
Suppose 0*n - 6*n + 42 = 0. Let d(w) = -9*w - 29. Let k be d(-4). Calculate the highest common divisor of n and k.
7
Let n(q) = -30*q - 49. Let r be n(-9). Calculate the greatest common factor of 17 and r.
17
Let j = 315 + -71. Let g be 12/(-30) + j/10. What is the highest common divisor of g and 72?
24
Let t(g) = -8*g**2 + 5*g - 1. Let h be t(2). Let v = -10 - h. What is the highest common divisor of v and 65?
13
Let p be 0 + (-4)/(-4) + (46 - 2). What is the highest common divisor of 405 and p?
45
Suppose f + 3 = a, -4*f + 0 = -3*a + 10. Suppose -a*y + 49 + 35 = 0. What is the highest common factor of y and 14?
14
Suppose -3*k = -0*k - v - 34, -3*k = -3*v - 30. Suppose 0 = -j - 5*z + 35 + 5, -j = -5*z - 20. What is the greatest common factor of j and k?
6
Let r = 1 + 4. Suppose 3*x - r*j = 451, 2*x + 4*j = 176 + 110. Let o be x/28*16/6. What is the highest common divisor of o and 126?
14
Let k = 28 - 19. Let x be (k/(-12))/(3/(-168)). Suppose -t + 2 = -h + 12, 3*t - x = -5*h. What is the highest common factor of h and 6?
3
Let n = -95 - -143. Calculate the greatest common divisor of n and 192.
48
Suppose 0 = 3*b - 7*b + 92. Let j(n) = -3*n**2 + 51*n + 43. Let f be j(7). Calculate the greatest common factor of b and f.
23
Suppose -u = 4*j + 3*u - 96, 108 = 4*j + u. Let w(h) = -h - 6. Let g be w(-4). Let l be g/5 + 212/5. What is the highest common divisor of j and l?
14
Suppose 13*b - 45 - 85 = 0. What is the highest common divisor of b and 320?
10
Let y = -16 + 34. Suppose -k + 12 = 3*k. Suppose k*l + 135 = 8*l. What is the greatest common divisor of y and l?
9
Let a be 18/4*(-6 - -8). Calculate the highest common divisor of 603 and a.
9
Let p be (1 + -46)*(-26)/39. Calculate the greatest common divisor of p and 160.
10
Let a(k) = k - 1. Let o be a(2). Let h be o*(-15)/6*-2. Suppose -2*x - h*i - 13 + 65 = 0, 5*x + 4*i - 96 = 0. Calculate the greatest common divisor of x and 40.
8
Let i = 203 + -599. Let h = 720 + i. Suppose -4*b + 36 = -h. What is the highest common factor of b and 18?
18
Let g = 8 - 4. Suppose -5*w + 49 - g = 0. Let k be (-27 - 0)/(3/(-9)). Calculate the highest common divisor of k and w.
9
Let a = -1 + 3. Suppose -4*v + 94 = 3*y, 4*y - 6*v - 88 = -a*v. Suppose 5*x - 210 = 5*c, -2*x + 111 = x + 2*c. Calculate the highest common divisor of y and x.
13
Let l = 71 - 59. Suppose 3*t - 45 = 2*t. Let g = 51 + t. What is the greatest common divisor of l and g?
12
Suppose 4*o - 400 = -o. Suppose 3*w = -12, 0*j + 5*w + 120 = 5*j. Calculate the highest common factor of j and o.
20
Let f(t) = -t**2 - 4*t + 23. Let c be f(-6). Let l(b) = 3*b - 1